{"id":167,"date":"2012-12-07T19:02:36","date_gmt":"2012-12-07T17:02:36","guid":{"rendered":"http:\/\/www.cosson-hausverwaltung.de\/cosson\/?page_id=167"},"modified":"2013-06-21T21:35:18","modified_gmt":"2013-06-21T19:35:18","slug":"kleine-liegenschaften","status":"publish","type":"page","link":"http:\/\/www.cosson-hausverwaltung.de\/cosson\/?page_id=167","title":{"rendered":"Kleine Liegenschaften"},"content":{"rendered":"<h3>Zuverl\u00e4ssige Verwaltung aus einer Hand<\/h3>\n<p>Bei der COSSON Haus-und WEG-Verwaltung k\u00fcmmern wir uns auch um Ihre kleine Liegenschaft. F\u00fcr uns z\u00e4hlt der Kunde und nicht allein die Gr\u00f6\u00dfe der zu betreuenden Immobilie. Wir bieten Ihnen unseren nachhaltigen Service in vollem Umfang an &#8211; ohne Wenn und Aber! Ob WEG &#8211; oder Mietverwaltung, auch eine kleine Liegenschaft wird von unserer Erfahrung und Kompetenz in allen Bereichen profitieren. Lassen Sie sich von unseren ma\u00dfgeschneiderten L\u00f6sungen f\u00fcr Ihre Immobilie \u00fcberzeugen. <\/p>\n<h4>Auch f\u00fcr kleine Liegenschaften gilt<\/h4>\n<ul class=\"portfolioul\">\n<li class=\"portfolio2\">Umfassender Service in allen Fragen der WEG-Verwaltung<\/li>\n<li class=\"portfolio2\">Umfassender Service in allen Fragen der Mietverwaltung<\/li>\n<li class=\"portfolio\">Wirtschaftsplanung und Budgetierung<\/li>\n<li class=\"portfolio\">Klare, transparente und p\u00fcnktliche Abrechnungen<\/li>\n<li class=\"portfolio\">Immer ein offenes Ohr f\u00fcr Ihre W\u00fcnsche und Anliegen<\/li>\n<li class=\"portfolio\">&#8230;<\/li>\n<\/ul>\n<p>&nbsp;<\/p>\n<p>[button link=&#8220;http:\/\/www.cosson-hausverwaltung.de\/cosson\/?page_id=232&#8243; type=&#8220;icon&#8220; icon=&#8220;mail&#8220;] Kontaktieren Sie uns![\/button]<\/p>\n","protected":false},"excerpt":{"rendered":"<p>Zuverl\u00e4ssige Verwaltung aus einer Hand Bei der COSSON Haus-und WEG-Verwaltung k\u00fcmmern wir uns auch um Ihre kleine Liegenschaft. F\u00fcr uns z\u00e4hlt der Kunde und nicht allein die Gr\u00f6\u00dfe der zu betreuenden Immobilie. Wir bieten Ihnen unseren nachhaltigen Service in vollem &hellip; <a href=\"http:\/\/www.cosson-hausverwaltung.de\/cosson\/?page_id=167\">Weiterlesen <span class=\"meta-nav\">&rarr;<\/span><\/a><\/p>\n","protected":false},"author":1,"featured_media":0,"parent":82,"menu_order":0,"comment_status":"open","ping_status":"open","template":"","meta":[],"_links":{"self":[{"href":"http:\/\/www.cosson-hausverwaltung.de\/cosson\/index.php?rest_route=\/wp\/v2\/pages\/167"}],"collection":[{"href":"http:\/\/www.cosson-hausverwaltung.de\/cosson\/index.php?rest_route=\/wp\/v2\/pages"}],"about":[{"href":"http:\/\/www.cosson-hausverwaltung.de\/cosson\/index.php?rest_route=\/wp\/v2\/types\/page"}],"author":[{"embeddable":true,"href":"http:\/\/www.cosson-hausverwaltung.de\/cosson\/index.php?rest_route=\/wp\/v2\/users\/1"}],"replies":[{"embeddable":true,"href":"http:\/\/www.cosson-hausverwaltung.de\/cosson\/index.php?rest_route=%2Fwp%2Fv2%2Fcomments&post=167"}],"version-history":[{"count":12,"href":"http:\/\/www.cosson-hausverwaltung.de\/cosson\/index.php?rest_route=\/wp\/v2\/pages\/167\/revisions"}],"predecessor-version":[{"id":329,"href":"http:\/\/www.cosson-hausverwaltung.de\/cosson\/index.php?rest_route=\/wp\/v2\/pages\/167\/revisions\/329"}],"up":[{"embeddable":true,"href":"http:\/\/www.cosson-hausverwaltung.de\/cosson\/index.php?rest_route=\/wp\/v2\/pages\/82"}],"wp:attachment":[{"href":"http:\/\/www.cosson-hausverwaltung.de\/cosson\/index.php?rest_route=%2Fwp%2Fv2%2Fmedia&parent=167"}],"curies":[{"name":"wp","href":"https:\/\/api.w.org\/{rel}","templated":true}]}}